{"id":2547,"date":"2024-11-11T19:07:39","date_gmt":"2024-11-12T00:07:39","guid":{"rendered":"https:\/\/cala-analytics.com\/tezt\/?page_id=2547"},"modified":"2024-11-24T22:34:21","modified_gmt":"2024-11-25T03:34:21","slug":"superintendencia-de-sociedades","status":"publish","type":"page","link":"https:\/\/cala-analytics.com\/tezt\/superintendencia-de-sociedades\/","title":{"rendered":"Superintendencia de Sociedades"},"content":{"rendered":"<div class=\"wpb-content-wrapper\"><p>[vc_row][vc_column]\n\t\t\t\t<p class=\"rs-p-wp-fix\"><\/p>\n\t\t\t\t<sr7-module data-alias=\"color-back\" data-id=\"19\" id=\"SR7_19_1\" class=\"rs-ov-hidden\" data-version=\"6.7.23\">\n\t\t\t\t\t<sr7-adjuster><\/sr7-adjuster>\n\t\t\t\t\t<sr7-content>\n\t\t\t\t\t\t<sr7-slide id=\"SR7_19_1-63\" data-key=\"63\">\n\t\t\t\t\t\t<\/sr7-slide>\n\t\t\t\t\t\t<sr7-slide id=\"SR7_19_1-64\" data-key=\"64\">\n\t\t\t\t\t\t<\/sr7-slide>\n\t\t\t\t\t<\/sr7-content>\n\t\t\t\t\t<image_lists style=\"display:none\">\n\t\t\t\t\t\t<img data-src=\"\/\/cala-analytics.com\/tezt\/wp-content\/uploads\/2024\/11\/color-bann-M.png\" width=\"0\" height=\"0\" data-dbsrc=\"Ly9jYWxhLWFuYWx5dGljcy5jb20vdGV6dC93cC1jb250ZW50L3VwbG9hZHMvMjAyNC8xMS9jb2xvci1iYW5uLU0ucG5n\"\/>\n\t\t\t\t\t<\/image_lists>\n\t\t\t\t<\/sr7-module>\n\t\t\t\t<script>\n\t\t\t\t\tSR7.PMH ??={}; SR7.PMH[\"SR7_19_1\"] = {cn:100,state:false,fn: function() { if (_tpt!==undefined && _tpt.prepareModuleHeight !== undefined) {  _tpt.prepareModuleHeight({id:\"SR7_19_1\",el:[120,120,768,768,768],type:'standard',shdw:'0',gh:[120,120,95,95,95],gw:[2540,2540,1024,1024,1024],vpt:['-100px&#039;,&#039;-100px&#039;,&#039;-100px&#039;,&#039;-100px&#039;,&#039;-100px'],size:{fullWidth:true, fullHeight:false},mh:'0',onh:0,onw:0,bg:{color:'{\"orig\":\"transparent\",\"type\":\"solid\",\"string\":\"transparent\"}',image:{src:'https:\/\/cala-analytics.com\/tezt\/wp-content\/uploads\/2024\/11\/color-bann-M.png',size:'',position:'center center',repeat:''}}});   SR7.PMH[\"SR7_19_1\"].state=true;} else if(SR7.PMH[\"SR7_19_1\"].cn-->0)\tsetTimeout( SR7.PMH[\"SR7_19_1\"].fn,19);}};SR7.PMH[\"SR7_19_1\" ].fn();\n\t\t\t\t<\/script>\n[\/vc_column][\/vc_row][vc_row][vc_column]<!-- Start Case Details \r\n    ============================================= -->\r\n    <div class=\"case-details-area default-padding\">\r\n        <div class=\"container\">\r\n            <div class=\"case-details-info\">\r\n                <div class=\"row\">\r\n                    <div class=\"col-md-12\">\r\n                        <div class=\"case-single-carousel owl-carousel owl-theme\">[vc_single_image image=&#8221;2548&#8243; img_size=&#8221;medium&#8221; alignment=&#8221;center&#8221; css=&#8221;&#8221;]<\/div>\r\n                    <\/div>\r\n                <\/div><div class=\"case-basic mt-5 text-center\">\r\n                    <div class=\"row\"><div class=\"col-lg-3 col-md-6\">\r\n                            <div class=\"item\">\r\n                                <i class=\"fas fa-user\"><\/i>\r\n                                <h5>Cliente<\/h5>\r\n                                <span>SUPERINTENDENCIA DE SOCIEDADES<\/span>\r\n                            <\/div><\/div><div class=\"col-lg-3 col-md-6\">\r\n                            <div class=\"item\">\r\n                                <i class=\"fas fa-cog\"><\/i>\r\n                                <h5>Categor\u00eda<\/h5>\r\n                                <span>Sector Gobierno<\/span>\r\n                            <\/div><\/div><div class=\"col-lg-3 col-md-6\">\r\n                            <div class=\"item\">\r\n                                <i class=\"fas fa-clock\"><\/i>\r\n                                <h5>Objetivo del Proyecto<\/h5>\r\n                                <span>Implementaci\u00f3n de IBM SPSS Statistics y consultor\u00eda a trav\u00e9s de CALA Analytics, automatizaci\u00f3n del proceso de verificaci\u00f3n de informaci\u00f3n y generaci\u00f3n de sintaxis que puedan ser le\u00eddas y entendidas por cualquier funcionario de la entidad.<\/span>\r\n                            <\/div><\/div><div class=\"col-lg-3 col-md-6\">\r\n                            <div class=\"item\">\r\n                                <i class=\"fas fa-globe\"><\/i>\r\n                                <h5>Soluci\u00f3n<\/h5>\r\n                                <span>Automatizar el proceso de revisi\u00f3n de los registros financieros a la Superintendencia para garantizar que los datos sean correctamente diligenciados.<\/span>\r\n                            <\/div><\/div><\/div>\r\n        <\/div>\r\n    <\/div>\r\n    <!-- End Case Details --><\/div>\r\n    <\/div>\r\n    <!-- End Case Details -->[vc_column_text css=&#8221;.vc_custom_1732505656334{margin-right: 10% !important;margin-left: 10% !important;}&#8221;]<\/p>\n<blockquote>\n<h5 style=\"text-align: center;\"><em>&#8220;De alguna forma, ninguno de los administradores de la herramienta tiene una formaci\u00f3n estad\u00edstica suficientemente fuerte, pero s\u00ed tienen ciertos conocimientos inform\u00e1ticos, sobre todo de los datos que se manejan. Con <strong>IBM SPSS<\/strong> se ve muy gr\u00e1ficamente cu\u00e1l es la tarea que se tiene que realizar y se generan sintaxis y comprobaciones sin necesidad de entrar en detalles de c\u00f3digos que pueden ser densos. Esa es la raz\u00f3n principal por la que se utiliza la herramienta.&#8221;<\/em><\/h5>\n<h6 style=\"text-align: center;\"><strong><em>Juan Carlos Rodr\u00edguez<\/em><\/strong><br \/>\n<em>Grupo de Gesti\u00f3n Estad\u00edstica<\/em><\/h6>\n<\/blockquote>\n<p>[\/vc_column_text]<!-- Start Case Details \r\n    ============================================= -->\r\n    <div class=\"case-details-area default-padding\">\r\n        <div class=\"container\">\r\n            <div class=\"case-details-info\">\r\n                <div class=\"row\">\r\n                    <div class=\"col-md-12\">\r\n                        <div class=\"case-single-carousel owl-carousel owl-theme\"><\/div>\r\n                    <\/div>\r\n                <\/div>[vc_column_text css=&#8221;.vc_custom_1729529216021{margin-bottom: 25px !important;}&#8221;]<\/p>\n<h2 style=\"text-align: left;\"><strong>Informaci\u00f3n del Proyecto<\/strong><\/h2>\n<p>[\/vc_column_text][vc_column_text css=&#8221;&#8221;]La <strong>Superintendencia de Sociedades<\/strong> es un organismo t\u00e9cnico, adscrito al Ministerio de Comercio, Industria y Turismo, con personer\u00eda jur\u00eddica, autonom\u00eda administrativa y patrimonio propio, mediante el cual el Presidente de la Rep\u00fablica ejerce la inspecci\u00f3n, vigilancia y control de las sociedades mercantiles, as\u00ed como las facultades que se\u00f1ala la ley en relaci\u00f3n con otras personas jur\u00eddicas o naturales.<\/p>\n<p>Anualmente, 28.000 Sociedades env\u00edan 25.702.520 registros financieros a la Superintendencia. Esta informaci\u00f3n debe venir especificada en miles de pesos y debe ser revisada para tener certeza que los datos se encuentren correctamente diligenciados. El proceso se realiza comparando los datos con los del RUE (Registro \u00danico Empresarial), con datos recibidos anteriormente y con otros documentos adicionales. Todo esto se realizaba de forma manual.<\/p>\n<p>Actualmente, la Superintendencia utiliza <strong>IBM SPSS Statistics<\/strong>, herramienta con la cual generan varias consultas a la base de datos, que retorna las cifras de los env\u00edos actuales y anteriores de las sociedades. Por otro lado, los funcionarios cargan en la soluci\u00f3n archivos Excel que les env\u00edan del RUE y ejecutan comparaciones entre ellos. As\u00ed, obtienen varias sintaxis que les permiten determinar cu\u00e1ndo una sociedad env\u00eda datos con decimales, cu\u00e1ndo son id\u00e9nticos a los de los a\u00f1os anteriores o cu\u00e1ndo tienen diferencia de 3 o m\u00e1s d\u00edgitos con los del RUE.<\/p>\n<p>\u201c<em>Podemos identificar a un 95% qu\u00e9 Sociedades env\u00edan la informaci\u00f3n bien o mal diligenciada. El restante de los datos a\u00fan se revisa manualmente, pero la reducci\u00f3n de la labor es notable<\/em>\u201d, Juan Carlos Rodr\u00edguez, Grupo de Gesti\u00f3n Estad\u00edstica.<\/p>\n<p>La entidad comenz\u00f3 a utilizar <strong>IBM SPSS Statistics<\/strong> y encontr\u00f3 como principal ventaja la facilidad de uso de la herramienta. Actualmente, se realizan sintaxis que son documentadas dentro de la soluci\u00f3n; de tal forma que despu\u00e9s puedan ser le\u00eddas y entendidas por cualquier persona, sin necesidad de un conocimiento avanzado de los temas ni de los c\u00f3digos.<\/p>\n<p>Este proyecto se realiz\u00f3 con el acompa\u00f1amiento de <strong>CALA ANALYTICS<\/strong>, quienes han capacitado al \u00e1rea de estad\u00edstica de la Superintendencia de Sociedades con cursos como \u2018Manejo Operativo\u2019, \u2018Estad\u00edstica B\u00e1sica\u2019 y \u2018Regresi\u00f3n\u2019.<\/p>\n<p>\u201c<em>Tambi\u00e9n se ha recibido una excelente consultor\u00eda, donde la disposici\u00f3n y disponibilidad ha sido total a cualquier inquietud que ha surgido en cualquier momento<\/em>\u201d, Juan Carlos Rodr\u00edguez, Grupo de Gesti\u00f3n Estad\u00edstica.[\/vc_column_text]<\/div>\r\n        <\/div>\r\n    <\/div>\r\n    <!-- End Case Details --><\/div>\r\n    <\/div>\r\n    <!-- End Case Details -->[\/vc_column][\/vc_row]<\/p>\n<\/div>","protected":false},"excerpt":{"rendered":"<p>[vc_row][vc_column][\/vc_column][\/vc_row][vc_row][vc_column][vc_single_image image=&#8221;2548&#8243; img_size=&#8221;medium&#8221; alignment=&#8221;center&#8221; css=&#8221;&#8221;][vc_column_text css=&#8221;.vc_custom_1732505656334{margin-right: 10% !important;margin-left: 10% !important;}&#8221;] &#8220;De alguna forma, ninguno de los administradores de la herramienta tiene una formaci\u00f3n estad\u00edstica suficientemente fuerte, pero s\u00ed tienen ciertos conocimientos inform\u00e1ticos, sobre todo de los datos que se manejan. Con IBM SPSS se ve muy gr\u00e1ficamente cu\u00e1l es la tarea que se tiene que [&hellip;]<\/p>\n","protected":false},"author":1,"featured_media":0,"parent":0,"menu_order":0,"comment_status":"closed","ping_status":"closed","template":"page-templates\/pages.php","meta":{"_joinchat":[],"footnotes":""},"class_list":["post-2547","page","type-page","status-publish","hentry"],"_links":{"self":[{"href":"https:\/\/cala-analytics.com\/tezt\/wp-json\/wp\/v2\/pages\/2547","targetHints":{"allow":["GET"]}}],"collection":[{"href":"https:\/\/cala-analytics.com\/tezt\/wp-json\/wp\/v2\/pages"}],"about":[{"href":"https:\/\/cala-analytics.com\/tezt\/wp-json\/wp\/v2\/types\/page"}],"author":[{"embeddable":true,"href":"https:\/\/cala-analytics.com\/tezt\/wp-json\/wp\/v2\/users\/1"}],"replies":[{"embeddable":true,"href":"https:\/\/cala-analytics.com\/tezt\/wp-json\/wp\/v2\/comments?post=2547"}],"version-history":[{"count":4,"href":"https:\/\/cala-analytics.com\/tezt\/wp-json\/wp\/v2\/pages\/2547\/revisions"}],"predecessor-version":[{"id":2901,"href":"https:\/\/cala-analytics.com\/tezt\/wp-json\/wp\/v2\/pages\/2547\/revisions\/2901"}],"wp:attachment":[{"href":"https:\/\/cala-analytics.com\/tezt\/wp-json\/wp\/v2\/media?parent=2547"}],"curies":[{"name":"wp","href":"https:\/\/api.w.org\/{rel}","templated":true}]}}