{"id":2527,"date":"2024-11-11T18:48:11","date_gmt":"2024-11-11T23:48:11","guid":{"rendered":"https:\/\/cala-analytics.com\/tezt\/?page_id=2527"},"modified":"2024-11-24T22:29:38","modified_gmt":"2024-11-25T03:29:38","slug":"programa-desarrollo-y-paz-del-cesar","status":"publish","type":"page","link":"https:\/\/cala-analytics.com\/tezt\/programa-desarrollo-y-paz-del-cesar\/","title":{"rendered":"Programa Desarrollo y Paz del Cesar"},"content":{"rendered":"<div class=\"wpb-content-wrapper\"><p>[vc_row][vc_column]\n\t\t\t\t<p class=\"rs-p-wp-fix\"><\/p>\n\t\t\t\t<sr7-module data-alias=\"color-back\" data-id=\"19\" id=\"SR7_19_1\" class=\"rs-ov-hidden\" data-version=\"6.7.23\">\n\t\t\t\t\t<sr7-adjuster><\/sr7-adjuster>\n\t\t\t\t\t<sr7-content>\n\t\t\t\t\t\t<sr7-slide id=\"SR7_19_1-63\" data-key=\"63\">\n\t\t\t\t\t\t<\/sr7-slide>\n\t\t\t\t\t\t<sr7-slide id=\"SR7_19_1-64\" data-key=\"64\">\n\t\t\t\t\t\t<\/sr7-slide>\n\t\t\t\t\t<\/sr7-content>\n\t\t\t\t\t<image_lists style=\"display:none\">\n\t\t\t\t\t\t<img data-src=\"\/\/cala-analytics.com\/tezt\/wp-content\/uploads\/2024\/11\/color-bann-M.png\" width=\"0\" height=\"0\" data-dbsrc=\"Ly9jYWxhLWFuYWx5dGljcy5jb20vdGV6dC93cC1jb250ZW50L3VwbG9hZHMvMjAyNC8xMS9jb2xvci1iYW5uLU0ucG5n\"\/>\n\t\t\t\t\t<\/image_lists>\n\t\t\t\t<\/sr7-module>\n\t\t\t\t<script>\n\t\t\t\t\tSR7.PMH ??={}; SR7.PMH[\"SR7_19_1\"] = {cn:100,state:false,fn: function() { if (_tpt!==undefined && _tpt.prepareModuleHeight !== undefined) {  _tpt.prepareModuleHeight({id:\"SR7_19_1\",el:[120,120,768,768,768],type:'standard',shdw:'0',gh:[120,120,95,95,95],gw:[2540,2540,1024,1024,1024],vpt:['-100px&#039;,&#039;-100px&#039;,&#039;-100px&#039;,&#039;-100px&#039;,&#039;-100px'],size:{fullWidth:true, fullHeight:false},mh:'0',onh:0,onw:0,bg:{color:'{\"orig\":\"transparent\",\"type\":\"solid\",\"string\":\"transparent\"}',image:{src:'https:\/\/cala-analytics.com\/tezt\/wp-content\/uploads\/2024\/11\/color-bann-M.png',size:'',position:'center center',repeat:''}}});   SR7.PMH[\"SR7_19_1\"].state=true;} else if(SR7.PMH[\"SR7_19_1\"].cn-->0)\tsetTimeout( SR7.PMH[\"SR7_19_1\"].fn,19);}};SR7.PMH[\"SR7_19_1\" ].fn();\n\t\t\t\t<\/script>\n[\/vc_column][\/vc_row][vc_row][vc_column]<!-- Start Case Details \r\n    ============================================= -->\r\n    <div class=\"case-details-area default-padding\">\r\n        <div class=\"container\">\r\n            <div class=\"case-details-info\">\r\n                <div class=\"row\">\r\n                    <div class=\"col-md-12\">\r\n                        <div class=\"case-single-carousel owl-carousel owl-theme\">[vc_single_image image=&#8221;2528&#8243; img_size=&#8221;medium&#8221; alignment=&#8221;center&#8221; css=&#8221;&#8221;]<\/div>\r\n                    <\/div>\r\n                <\/div><div class=\"case-basic mt-5 text-center\">\r\n                    <div class=\"row\"><div class=\"col-lg-3 col-md-6\">\r\n                            <div class=\"item\">\r\n                                <i class=\"fas fa-user\"><\/i>\r\n                                <h5>Cliente<\/h5>\r\n                                <span>PROGRAMA DE DESARROLLO Y PAZ DEL CESAR<\/span>\r\n                            <\/div><\/div><div class=\"col-lg-3 col-md-6\">\r\n                            <div class=\"item\">\r\n                                <i class=\"fas fa-cog\"><\/i>\r\n                                <h5>Categor\u00eda<\/h5>\r\n                                <span>Sector Gobierno<\/span>\r\n                            <\/div><\/div><div class=\"col-lg-3 col-md-6\">\r\n                            <div class=\"item\">\r\n                                <i class=\"fas fa-clock\"><\/i>\r\n                                <h5>Objetivo del Proyecto<\/h5>\r\n                                <span>Contar con una herramienta eficaz para analizar grandes cantidades de datos para un diagn\u00f3stico acertado.<\/span>\r\n                            <\/div><\/div><div class=\"col-lg-3 col-md-6\">\r\n                            <div class=\"item\">\r\n                                <i class=\"fas fa-globe\"><\/i>\r\n                                <h5>Soluci\u00f3n<\/h5>\r\n                                <span>Implementaci\u00f3n de IBM SPSS Statistics.<\/span>\r\n                            <\/div><\/div><\/div>\r\n        <\/div>\r\n    <\/div>\r\n    <!-- End Case Details --><\/div>\r\n    <\/div>\r\n    <!-- End Case Details -->[vc_column_text css=&#8221;.vc_custom_1732505373086{margin-right: 10% !important;margin-left: 10% !important;}&#8221;]<\/p>\n<blockquote>\n<h5 style=\"text-align: center;\"><em>&#8220;Con el uso de <strong>IBM SPSS Statistics<\/strong> en el proyecto, se logr\u00f3 optimizar el tiempo de los colaboradores dedicados al an\u00e1lisis de los datos, reduciendo de 3 a 1 el n\u00famero de personas dedicadas a dichos an\u00e1lisis, enfoc\u00e1ndolos en tareas m\u00e1s estrat\u00e9gicas.&#8221;<\/em><\/h5>\n<h6 style=\"text-align: center;\"><strong><em>Jonatan Tovar Castilla<\/em><\/strong><br \/>\n<em>Profesional del \u00e1rea de Desarrollo Sostenible<\/em><\/h6>\n<\/blockquote>\n<p>[\/vc_column_text]<!-- Start Case Details \r\n    ============================================= -->\r\n    <div class=\"case-details-area default-padding\">\r\n        <div class=\"container\">\r\n            <div class=\"case-details-info\">\r\n                <div class=\"row\">\r\n                    <div class=\"col-md-12\">\r\n                        <div class=\"case-single-carousel owl-carousel owl-theme\"><\/div>\r\n                    <\/div>\r\n                <\/div>[vc_column_text css=&#8221;.vc_custom_1729529216021{margin-bottom: 25px !important;}&#8221;]<\/p>\n<h2 style=\"text-align: left;\"><strong>Informaci\u00f3n del Proyecto<\/strong><\/h2>\n<p>[\/vc_column_text][vc_column_text css=&#8221;&#8221;]El <strong>PDPC<\/strong> hace parte de la <strong>Red de Programas de Desarrollo y Paz -Redprodepaz<\/strong>. Los Programas de Desarrollo y Paz han surgido en distintas latitudes del pa\u00eds como iniciativa de la sociedad civil para superar las causas estructurales del conflicto social, pol\u00edtico, armado y as\u00ed mejorar el bienestar humano.<\/p>\n<p>El <strong>PDPC<\/strong> acompa\u00f1a procesos de fortalecimiento de capacidades de comunidades campesinas y afrocolombianas en pro del desarrollo sostenible y la gobernanza territorial.<\/p>\n<p>Ha liderado el levantamiento y an\u00e1lisis de informaci\u00f3n primaria, ambiental, econ\u00f3mica y social de comunidades rurales del corredor minero, como base para el dise\u00f1o y ajuste de programas de compensaci\u00f3n forestal y para incidir en la pol\u00edtica p\u00fablica local.<\/p>\n<p>El prop\u00f3sito puntual del proyecto era la obtenci\u00f3n de una herramienta pr\u00e1ctica, \u00fatil, confiable y potente para registrar, organizar y entender los datos obtenidos de la informaci\u00f3n y diagn\u00f3sticos realizados con base en variables socioecon\u00f3micas, pol\u00edticas, organizativas y ambientales en territorios rurales.<\/p>\n<p>Trabajando con los habitantes v\u00edctimas del conflicto, que participar\u00edan en el <strong>Programa Integral de Compensaci\u00f3n Forestal de la Serran\u00eda del Perij\u00e1<\/strong> en el Departamento del Cesar, siendo este un aporte fundamental para el ordenamiento y desarrollo territorial.<\/p>\n<p>A partir de la implementaci\u00f3n de <strong>IBM SPSS Statistics<\/strong>, el <strong>Programa de PDPC<\/strong> logr\u00f3 la optimizaci\u00f3n del an\u00e1lisis de su informaci\u00f3n, descubriendo nuevos elementos de an\u00e1lisis descriptivo para lograr segmentar, reorganizar e interpretar la informaci\u00f3n recolectada.<\/p>\n<p>El <strong>PDPC<\/strong> obtuvo un diagn\u00f3stico integral sobre las variables ya explicadas de la poblaci\u00f3n, generando insumos vitales para el desarrollo de una propuesta para el <strong>Programa Integral de Compensaci\u00f3n Forestal<\/strong> que beneficiar\u00eda a 117 familias de la Serran\u00eda del Perij\u00e1, ecoregi\u00f3n estrat\u00e9gica del departamento del Cesar.[\/vc_column_text]<\/div>\r\n        <\/div>\r\n    <\/div>\r\n    <!-- End Case Details --><\/div>\r\n    <\/div>\r\n    <!-- End Case Details -->[\/vc_column][\/vc_row]<\/p>\n<\/div>","protected":false},"excerpt":{"rendered":"<p>[vc_row][vc_column][\/vc_column][\/vc_row][vc_row][vc_column][vc_single_image image=&#8221;2528&#8243; img_size=&#8221;medium&#8221; alignment=&#8221;center&#8221; css=&#8221;&#8221;][vc_column_text css=&#8221;.vc_custom_1732505373086{margin-right: 10% !important;margin-left: 10% !important;}&#8221;] &#8220;Con el uso de IBM SPSS Statistics en el proyecto, se logr\u00f3 optimizar el tiempo de los colaboradores dedicados al an\u00e1lisis de los datos, reduciendo de 3 a 1 el n\u00famero de personas dedicadas a dichos an\u00e1lisis, enfoc\u00e1ndolos en tareas m\u00e1s estrat\u00e9gicas.&#8221; Jonatan Tovar Castilla [&hellip;]<\/p>\n","protected":false},"author":1,"featured_media":0,"parent":0,"menu_order":0,"comment_status":"closed","ping_status":"closed","template":"page-templates\/pages.php","meta":{"_joinchat":[],"footnotes":""},"class_list":["post-2527","page","type-page","status-publish","hentry"],"_links":{"self":[{"href":"https:\/\/cala-analytics.com\/tezt\/wp-json\/wp\/v2\/pages\/2527","targetHints":{"allow":["GET"]}}],"collection":[{"href":"https:\/\/cala-analytics.com\/tezt\/wp-json\/wp\/v2\/pages"}],"about":[{"href":"https:\/\/cala-analytics.com\/tezt\/wp-json\/wp\/v2\/types\/page"}],"author":[{"embeddable":true,"href":"https:\/\/cala-analytics.com\/tezt\/wp-json\/wp\/v2\/users\/1"}],"replies":[{"embeddable":true,"href":"https:\/\/cala-analytics.com\/tezt\/wp-json\/wp\/v2\/comments?post=2527"}],"version-history":[{"count":4,"href":"https:\/\/cala-analytics.com\/tezt\/wp-json\/wp\/v2\/pages\/2527\/revisions"}],"predecessor-version":[{"id":2894,"href":"https:\/\/cala-analytics.com\/tezt\/wp-json\/wp\/v2\/pages\/2527\/revisions\/2894"}],"wp:attachment":[{"href":"https:\/\/cala-analytics.com\/tezt\/wp-json\/wp\/v2\/media?parent=2527"}],"curies":[{"name":"wp","href":"https:\/\/api.w.org\/{rel}","templated":true}]}}