{"id":2481,"date":"2024-11-11T17:46:03","date_gmt":"2024-11-11T22:46:03","guid":{"rendered":"https:\/\/cala-analytics.com\/tezt\/?page_id=2481"},"modified":"2024-11-24T22:18:58","modified_gmt":"2024-11-25T03:18:58","slug":"finanzauto","status":"publish","type":"page","link":"https:\/\/cala-analytics.com\/tezt\/finanzauto\/","title":{"rendered":"Finanzauto"},"content":{"rendered":"<div class=\"wpb-content-wrapper\"><p>[vc_row][vc_column]\n\t\t\t\t<p class=\"rs-p-wp-fix\"><\/p>\n\t\t\t\t<sr7-module data-alias=\"color-back\" data-id=\"19\" id=\"SR7_19_1\" class=\"rs-ov-hidden\" data-version=\"6.7.23\">\n\t\t\t\t\t<sr7-adjuster><\/sr7-adjuster>\n\t\t\t\t\t<sr7-content>\n\t\t\t\t\t\t<sr7-slide id=\"SR7_19_1-63\" data-key=\"63\">\n\t\t\t\t\t\t<\/sr7-slide>\n\t\t\t\t\t\t<sr7-slide id=\"SR7_19_1-64\" data-key=\"64\">\n\t\t\t\t\t\t<\/sr7-slide>\n\t\t\t\t\t<\/sr7-content>\n\t\t\t\t\t<image_lists style=\"display:none\">\n\t\t\t\t\t\t<img data-src=\"\/\/cala-analytics.com\/tezt\/wp-content\/uploads\/2024\/11\/color-bann-M.png\" width=\"0\" height=\"0\" data-dbsrc=\"Ly9jYWxhLWFuYWx5dGljcy5jb20vdGV6dC93cC1jb250ZW50L3VwbG9hZHMvMjAyNC8xMS9jb2xvci1iYW5uLU0ucG5n\"\/>\n\t\t\t\t\t<\/image_lists>\n\t\t\t\t<\/sr7-module>\n\t\t\t\t<script>\n\t\t\t\t\tSR7.PMH ??={}; SR7.PMH[\"SR7_19_1\"] = {cn:100,state:false,fn: function() { if (_tpt!==undefined && _tpt.prepareModuleHeight !== undefined) {  _tpt.prepareModuleHeight({id:\"SR7_19_1\",el:[120,120,768,768,768],type:'standard',shdw:'0',gh:[120,120,95,95,95],gw:[2540,2540,1024,1024,1024],vpt:['-100px&#039;,&#039;-100px&#039;,&#039;-100px&#039;,&#039;-100px&#039;,&#039;-100px'],size:{fullWidth:true, fullHeight:false},mh:'0',onh:0,onw:0,bg:{color:'{\"orig\":\"transparent\",\"type\":\"solid\",\"string\":\"transparent\"}',image:{src:'https:\/\/cala-analytics.com\/tezt\/wp-content\/uploads\/2024\/11\/color-bann-M.png',size:'',position:'center center',repeat:''}}});   SR7.PMH[\"SR7_19_1\"].state=true;} else if(SR7.PMH[\"SR7_19_1\"].cn-->0)\tsetTimeout( SR7.PMH[\"SR7_19_1\"].fn,19);}};SR7.PMH[\"SR7_19_1\" ].fn();\n\t\t\t\t<\/script>\n[\/vc_column][\/vc_row][vc_row][vc_column]<!-- Start Case Details \r\n    ============================================= -->\r\n    <div class=\"case-details-area default-padding\">\r\n        <div class=\"container\">\r\n            <div class=\"case-details-info\">\r\n                <div class=\"row\">\r\n                    <div class=\"col-md-12\">\r\n                        <div class=\"case-single-carousel owl-carousel owl-theme\">[vc_single_image image=&#8221;2482&#8243; img_size=&#8221;medium&#8221; alignment=&#8221;center&#8221; css=&#8221;&#8221;]<\/div>\r\n                    <\/div>\r\n                <\/div><div class=\"case-basic mt-5 text-center\">\r\n                    <div class=\"row\"><div class=\"col-lg-3 col-md-6\">\r\n                            <div class=\"item\">\r\n                                <i class=\"fas fa-user\"><\/i>\r\n                                <h5>Cliente<\/h5>\r\n                                <span>FINANZAUTO<\/span>\r\n                            <\/div><\/div><div class=\"col-lg-3 col-md-6\">\r\n                            <div class=\"item\">\r\n                                <i class=\"fas fa-cog\"><\/i>\r\n                                <h5>Categor\u00eda<\/h5>\r\n                                <span>Sector Financiero<\/span>\r\n                            <\/div><\/div><div class=\"col-lg-3 col-md-6\">\r\n                            <div class=\"item\">\r\n                                <i class=\"fas fa-clock\"><\/i>\r\n                                <h5>Objetivo del Proyecto<\/h5>\r\n                                <span>Utilizar los datos para optimizar los procesos comerciales y de cobranzas. Gestionar el riesgo crediticio de la entidad.<\/span>\r\n                            <\/div><\/div><div class=\"col-lg-3 col-md-6\">\r\n                            <div class=\"item\">\r\n                                <i class=\"fas fa-globe\"><\/i>\r\n                                <h5>Soluci\u00f3n<\/h5>\r\n                                <span>Aprovechamiento de los datos como base de la estrategia digital, t\u00e9cnicas de Machine Learning con IBM SPSS Modeler para la toma de decisiones.<\/span>\r\n                            <\/div><\/div><\/div>\r\n        <\/div>\r\n    <\/div>\r\n    <!-- End Case Details --><\/div>\r\n    <\/div>\r\n    <!-- End Case Details -->[vc_column_text css=&#8221;.vc_custom_1732504719488{margin-right: 10% !important;margin-left: 10% !important;}&#8221;]<\/p>\n<blockquote>\n<h5 style=\"text-align: center;\"><em>&#8220;La implementaci\u00f3n de la anal\u00edtica avanzada como base de la estrategia digital de Finanzauto ha brindado agilidad en la toma de decisiones y control del riesgo crediticio, as\u00ed como tambi\u00e9n nos ha facilitado la medici\u00f3n y monitoreo de los procesos. En este proyecto, el acompa\u00f1amiento de <strong>CALA ANALYTICS<\/strong> ha sido de gran valor, ya que su conocimiento y acompa\u00f1amiento en la construcci\u00f3n conjunta, con base en su experiencia, es de gran aporte para la implementaci\u00f3n satisfactoria de la cadena de valor anal\u00edtica de la entidad.&#8221;<\/em><\/h5>\n<h6 style=\"text-align: center;\"><strong><em>Cient\u00edfico de Datos<\/em><\/strong><\/h6>\n<\/blockquote>\n<p>[\/vc_column_text]<!-- Start Case Details \r\n    ============================================= -->\r\n    <div class=\"case-details-area default-padding\">\r\n        <div class=\"container\">\r\n            <div class=\"case-details-info\">\r\n                <div class=\"row\">\r\n                    <div class=\"col-md-12\">\r\n                        <div class=\"case-single-carousel owl-carousel owl-theme\"><\/div>\r\n                    <\/div>\r\n                <\/div>[vc_column_text css=&#8221;.vc_custom_1729529216021{margin-bottom: 25px !important;}&#8221;]<\/p>\n<h2 style=\"text-align: left;\"><strong>Informaci\u00f3n del Proyecto<\/strong><\/h2>\n<p>[\/vc_column_text][vc_column_text css=&#8221;&#8221;]<strong>Finanzauto<\/strong> es una compa\u00f1\u00eda l\u00edder en el mercado de financiaci\u00f3n de veh\u00edculos en Colombia, comprometida con hacer de la financiaci\u00f3n una experiencia diferente y gratificante para el cliente. Impacta su estrategia digital con el uso de la anal\u00edtica avanzada, logrando agilidad, rentabilidad y control. Utilizando distintas metodolog\u00edas, la compa\u00f1\u00eda inici\u00f3 estableciendo los objetivos de negocio prioritarios para luego cubrirlos con su insumo de mayor valor: los datos.<\/p>\n<p>Al contar con la informaci\u00f3n requerida, procedi\u00f3 con el desarrollo de modelos anal\u00edticos automatizados para la toma \u00e1gil de decisiones. El modelo integral de inteligencia artificial, desarrollado a partir de anal\u00edtica predictiva, eval\u00faa en tiempo real distintos aspectos del negocio. El modelo predictivo \u00abaprende\u00bb a partir de la utilizaci\u00f3n de datos hist\u00f3ricos internos y externos para predecir la ocurrencia de distintos escenarios seg\u00fan el aspecto evaluado, permitiendo a Finanzauto tomar decisiones de manera r\u00e1pida y eficiente. La velocidad y la precisi\u00f3n resultantes de tomar tales decisiones ha hecho que la calificaci\u00f3n crediticia sea la piedra angular en la gesti\u00f3n del riesgo de la entidad.<\/p>\n<p>\u201c<em>La implementaci\u00f3n de la anal\u00edtica avanzada como base de la estrategia digital de Finanzauto ha brindado agilidad en la toma de decisiones y control del riesgo crediticio, as\u00ed como tambi\u00e9n nos ha facilitado la medici\u00f3n y monitoreo de los procesos. En este proyecto, el acompa\u00f1amiento de <strong>CALA ANALYTICS<\/strong> ha sido de gran valor, ya que su conocimiento y acompa\u00f1amiento en la construcci\u00f3n conjunta, con base en su experiencia, es de gran aporte para la implementaci\u00f3n satisfactoria de la cadena de valor anal\u00edtica de la entidad<\/em>.\u201d Cient\u00edfico de Datos, Finanzauto.<\/p>\n<p>Este desarrollo le ha permitido a <strong>Finanzauto<\/strong> posicionarse como una \u2018Organizaci\u00f3n Anal\u00edtica\u2019, el cual es el cuarto de los cinco estados dentro de la pir\u00e1mide de competencia y madurez anal\u00edtica de Thomas Davenport.[\/vc_column_text]<\/div>\r\n        <\/div>\r\n    <\/div>\r\n    <!-- End Case Details --><\/div>\r\n    <\/div>\r\n    <!-- End Case Details -->[\/vc_column][\/vc_row]<\/p>\n<\/div>","protected":false},"excerpt":{"rendered":"<p>[vc_row][vc_column][\/vc_column][\/vc_row][vc_row][vc_column][vc_single_image image=&#8221;2482&#8243; img_size=&#8221;medium&#8221; alignment=&#8221;center&#8221; css=&#8221;&#8221;][vc_column_text css=&#8221;.vc_custom_1732504719488{margin-right: 10% !important;margin-left: 10% !important;}&#8221;] &#8220;La implementaci\u00f3n de la anal\u00edtica avanzada como base de la estrategia digital de Finanzauto ha brindado agilidad en la toma de decisiones y control del riesgo crediticio, as\u00ed como tambi\u00e9n nos ha facilitado la medici\u00f3n y monitoreo de los procesos. En este proyecto, el acompa\u00f1amiento [&hellip;]<\/p>\n","protected":false},"author":1,"featured_media":0,"parent":0,"menu_order":0,"comment_status":"closed","ping_status":"closed","template":"page-templates\/pages.php","meta":{"_joinchat":[],"footnotes":""},"class_list":["post-2481","page","type-page","status-publish","hentry"],"_links":{"self":[{"href":"https:\/\/cala-analytics.com\/tezt\/wp-json\/wp\/v2\/pages\/2481","targetHints":{"allow":["GET"]}}],"collection":[{"href":"https:\/\/cala-analytics.com\/tezt\/wp-json\/wp\/v2\/pages"}],"about":[{"href":"https:\/\/cala-analytics.com\/tezt\/wp-json\/wp\/v2\/types\/page"}],"author":[{"embeddable":true,"href":"https:\/\/cala-analytics.com\/tezt\/wp-json\/wp\/v2\/users\/1"}],"replies":[{"embeddable":true,"href":"https:\/\/cala-analytics.com\/tezt\/wp-json\/wp\/v2\/comments?post=2481"}],"version-history":[{"count":3,"href":"https:\/\/cala-analytics.com\/tezt\/wp-json\/wp\/v2\/pages\/2481\/revisions"}],"predecessor-version":[{"id":2876,"href":"https:\/\/cala-analytics.com\/tezt\/wp-json\/wp\/v2\/pages\/2481\/revisions\/2876"}],"wp:attachment":[{"href":"https:\/\/cala-analytics.com\/tezt\/wp-json\/wp\/v2\/media?parent=2481"}],"curies":[{"name":"wp","href":"https:\/\/api.w.org\/{rel}","templated":true}]}}