{"id":2455,"date":"2024-11-11T14:32:57","date_gmt":"2024-11-11T19:32:57","guid":{"rendered":"https:\/\/cala-analytics.com\/tezt\/?page_id=2455"},"modified":"2024-11-24T22:11:40","modified_gmt":"2024-11-25T03:11:40","slug":"efectiva-tu-financiera","status":"publish","type":"page","link":"https:\/\/cala-analytics.com\/tezt\/efectiva-tu-financiera\/","title":{"rendered":"Efectiva tu Financiera"},"content":{"rendered":"<div class=\"wpb-content-wrapper\"><p>[vc_row][vc_column]\n\t\t\t\t<p class=\"rs-p-wp-fix\"><\/p>\n\t\t\t\t<sr7-module data-alias=\"color-back\" data-id=\"19\" id=\"SR7_19_1\" class=\"rs-ov-hidden\" data-version=\"6.7.23\">\n\t\t\t\t\t<sr7-adjuster><\/sr7-adjuster>\n\t\t\t\t\t<sr7-content>\n\t\t\t\t\t\t<sr7-slide id=\"SR7_19_1-63\" data-key=\"63\">\n\t\t\t\t\t\t<\/sr7-slide>\n\t\t\t\t\t\t<sr7-slide id=\"SR7_19_1-64\" data-key=\"64\">\n\t\t\t\t\t\t<\/sr7-slide>\n\t\t\t\t\t<\/sr7-content>\n\t\t\t\t\t<image_lists style=\"display:none\">\n\t\t\t\t\t\t<img data-src=\"\/\/cala-analytics.com\/tezt\/wp-content\/uploads\/2024\/11\/color-bann-M.png\" width=\"0\" height=\"0\" data-dbsrc=\"Ly9jYWxhLWFuYWx5dGljcy5jb20vdGV6dC93cC1jb250ZW50L3VwbG9hZHMvMjAyNC8xMS9jb2xvci1iYW5uLU0ucG5n\"\/>\n\t\t\t\t\t<\/image_lists>\n\t\t\t\t<\/sr7-module>\n\t\t\t\t<script>\n\t\t\t\t\tSR7.PMH ??={}; SR7.PMH[\"SR7_19_1\"] = {cn:100,state:false,fn: function() { if (_tpt!==undefined && _tpt.prepareModuleHeight !== undefined) {  _tpt.prepareModuleHeight({id:\"SR7_19_1\",el:[120,120,768,768,768],type:'standard',shdw:'0',gh:[120,120,95,95,95],gw:[2540,2540,1024,1024,1024],vpt:['-100px&#039;,&#039;-100px&#039;,&#039;-100px&#039;,&#039;-100px&#039;,&#039;-100px'],size:{fullWidth:true, fullHeight:false},mh:'0',onh:0,onw:0,bg:{color:'{\"orig\":\"transparent\",\"type\":\"solid\",\"string\":\"transparent\"}',image:{src:'https:\/\/cala-analytics.com\/tezt\/wp-content\/uploads\/2024\/11\/color-bann-M.png',size:'',position:'center center',repeat:''}}});   SR7.PMH[\"SR7_19_1\"].state=true;} else if(SR7.PMH[\"SR7_19_1\"].cn-->0)\tsetTimeout( SR7.PMH[\"SR7_19_1\"].fn,19);}};SR7.PMH[\"SR7_19_1\" ].fn();\n\t\t\t\t<\/script>\n[\/vc_column][\/vc_row][vc_row][vc_column]<!-- Start Case Details \r\n    ============================================= -->\r\n    <div class=\"case-details-area default-padding\">\r\n        <div class=\"container\">\r\n            <div class=\"case-details-info\">\r\n                <div class=\"row\">\r\n                    <div class=\"col-md-12\">\r\n                        <div class=\"case-single-carousel owl-carousel owl-theme\">[vc_single_image image=&#8221;2456&#8243; img_size=&#8221;medium&#8221; alignment=&#8221;center&#8221; css=&#8221;&#8221;]<\/div>\r\n                    <\/div>\r\n                <\/div><div class=\"case-basic mt-5 text-center\">\r\n                    <div class=\"row\"><div class=\"col-lg-3 col-md-6\">\r\n                            <div class=\"item\">\r\n                                <i class=\"fas fa-user\"><\/i>\r\n                                <h5>Cliente<\/h5>\r\n                                <span>EFECTIVA TU FINANCIERA<\/span>\r\n                            <\/div><\/div><div class=\"col-lg-3 col-md-6\">\r\n                            <div class=\"item\">\r\n                                <i class=\"fas fa-cog\"><\/i>\r\n                                <h5>Categor\u00eda<\/h5>\r\n                                <span>Sector Financiero<\/span>\r\n                            <\/div><\/div><div class=\"col-lg-3 col-md-6\">\r\n                            <div class=\"item\">\r\n                                <i class=\"fas fa-clock\"><\/i>\r\n                                <h5>Objetivo del Proyecto<\/h5>\r\n                                <span>Implementar una suite de Big Data Analytics para consolidar a la organizaci\u00f3n como una competidora anal\u00edtica top.<\/span>\r\n                            <\/div><\/div><div class=\"col-lg-3 col-md-6\">\r\n                            <div class=\"item\">\r\n                                <i class=\"fas fa-globe\"><\/i>\r\n                                <h5>Soluci\u00f3n<\/h5>\r\n                                <span>Motor de decisiones que incluye IBM SPSS Modeler Server, Collaboration &amp; Deployment, Deployment Manager Desktop, Real Time Scoring, Infosphere Datastage y PureData for Analytics.<\/span>\r\n                            <\/div><\/div><\/div>\r\n        <\/div>\r\n    <\/div>\r\n    <!-- End Case Details --><\/div>\r\n    <\/div>\r\n    <!-- End Case Details -->[vc_column_text css=&#8221;.vc_custom_1732504293761{margin-right: 10% !important;margin-left: 10% !important;}&#8221;]<\/p>\n<blockquote>\n<h5 style=\"text-align: center;\"><em>&#8220;Se logr\u00f3 la implementaci\u00f3n del paquete de soluciones: Motor de Decisiones (<strong>IBM SPSS Modeler Server, Collaboration &amp; Deployment, Deployment Manager Desktop, Real Time Scoring, Infosphere Datastage y PureData for Analytics<\/strong>), el cual permiti\u00f3 la reingenier\u00eda de sus modelos predictivos, administrando la informaci\u00f3n de sus bases de datos con miles de variables 5 veces m\u00e1s r\u00e1pido; adem\u00e1s de reducir considerablemente el tiempo de almacenamiento, procesamiento y extracci\u00f3n de los mismos a tan solo 10 d\u00edas.&#8221;<\/em><\/h5>\n<\/blockquote>\n<p>[\/vc_column_text]<!-- Start Case Details \r\n    ============================================= -->\r\n    <div class=\"case-details-area default-padding\">\r\n        <div class=\"container\">\r\n            <div class=\"case-details-info\">\r\n                <div class=\"row\">\r\n                    <div class=\"col-md-12\">\r\n                        <div class=\"case-single-carousel owl-carousel owl-theme\"><\/div>\r\n                    <\/div>\r\n                <\/div>[vc_column_text css=&#8221;.vc_custom_1729529216021{margin-bottom: 25px !important;}&#8221;]<\/p>\n<h2 style=\"text-align: left;\"><strong>Informaci\u00f3n del Proyecto<\/strong><\/h2>\n<p>[\/vc_column_text][vc_column_text css=&#8221;&#8221;]<strong>Financiera Efectiva<\/strong> es una empresa del <strong>Grupo EFE<\/strong>, supervisada por la Superintendencia de Banca Seguros &amp; AFP (SBS), especializada en otorgar cr\u00e9ditos al sector emergente. Inici\u00f3 sus operaciones en 1,999 como Entidad de Desarrollo para la Peque\u00f1a y Microempresa (EDPYME) convirti\u00e9ndose en el 2010 en financiera. A trav\u00e9s de m\u00e1s de 187 oficinas a nivel nacional, otorga financiamiento a los clientes que adquieren productos en las empresas vinculadas al Grupo EFE: Tiendas EFE, La Curacao y Motocorp. Asimismo, ofrece Cr\u00e9dito en Efectivo, Hipotecario y Mejoramiento del Hogar.<\/p>\n<p>En la b\u00fasqueda de sostener una estrategia competitiva basada en la consolidaci\u00f3n de procesos m\u00e1s \u00e1giles y eficientes, Financiera Efectiva identifica los problemas con almacenamiento, procesamiento y extracci\u00f3n de datos; la demora en la implementaci\u00f3n de modelos (de 4 a 8 meses); las insuficientes herramientas para el an\u00e1lisis de informaci\u00f3n y la falta de personal capacitado como los principales obst\u00e1culos para enfrentarse a un mercado en constante crecimiento.<\/p>\n<p>La organizaci\u00f3n confront\u00f3 esas debilidades con base en 4 pilares de acci\u00f3n: Perfeccionamiento en sus procesos de an\u00e1lisis de datos (velocidad, volumen y variedad), innovaci\u00f3n hacia modelos predictivos atendiendo a diferentes \u00e1reas como riesgos, cobranzas, comercial, reducci\u00f3n de tiempos (Time to Market); y por \u00faltimo, la automatizaci\u00f3n global de todos sus servicios. De este modo, la suite <strong>IBM Big Data Analytics<\/strong>, se presenta como la soluci\u00f3n anal\u00edtica ideal para soportar estos pilares y llevar a la organizaci\u00f3n hacia el liderazgo en el sector financiero.<\/p>\n<p>Gracias a la alianza entre <strong>IBM<\/strong>, <strong>CALA ANALYTICS<\/strong> y <strong>Financiera Efectiva<\/strong>; se logr\u00f3 la implementaci\u00f3n del paquete de soluciones: <strong>Motor de Decisiones (IBM SPSS Modeler Server, Collaboration &amp; Deployment, Deployment Manager Desktop, Real Time Scoring, Infosphere Datastage y PureData for Analytics)<\/strong>, el cual permiti\u00f3 la reingenier\u00eda de sus modelos predictivos, administrando la informaci\u00f3n de sus bases de datos con miles de variables 5 veces m\u00e1s r\u00e1pido; adem\u00e1s de reducir considerablemente el tiempo de almacenamiento, procesamiento y extracci\u00f3n de los mismos a tan solo 10 d\u00edas, generando tambi\u00e9n una disminuci\u00f3n en el despliegue de las bases de negocios, logrando que en tan solo 2 a\u00f1os los pr\u00e9stamos de libre disponibilidad pasen de 1 mill\u00f3n a 13 millones de d\u00f3lares mensuales con un riesgo estable.<\/p>\n<p>Actualmente, Financiera Efectiva pretende continuar el camino de innovaci\u00f3n junto a <strong>CALA ANALYTICS<\/strong>; extendiendo el uso de su nueva Plataforma Anal\u00edtica en los procesos internos a trav\u00e9s de capacitaciones y charlas, adem\u00e1s de instaurar una pol\u00edtica crediticia digital y un ecosistema de open banking. Por otro lado, tambi\u00e9n se espera que en un futuro pr\u00f3ximo estas acciones sean implementadas en las distintas empresas pertenecientes al <strong>Grupo EFE<\/strong>, sacando el m\u00e1ximo provecho a los modelos ya desarrollados.[\/vc_column_text]<\/div>\r\n        <\/div>\r\n    <\/div>\r\n    <!-- End Case Details --><\/div>\r\n    <\/div>\r\n    <!-- End Case Details -->[\/vc_column][\/vc_row]<\/p>\n<\/div>","protected":false},"excerpt":{"rendered":"<p>[vc_row][vc_column][\/vc_column][\/vc_row][vc_row][vc_column][vc_single_image image=&#8221;2456&#8243; img_size=&#8221;medium&#8221; alignment=&#8221;center&#8221; css=&#8221;&#8221;][vc_column_text css=&#8221;.vc_custom_1732504293761{margin-right: 10% !important;margin-left: 10% !important;}&#8221;] &#8220;Se logr\u00f3 la implementaci\u00f3n del paquete de soluciones: Motor de Decisiones (IBM SPSS Modeler Server, Collaboration &amp; Deployment, Deployment Manager Desktop, Real Time Scoring, Infosphere Datastage y PureData for Analytics), el cual permiti\u00f3 la reingenier\u00eda de sus modelos predictivos, administrando la informaci\u00f3n de sus bases [&hellip;]<\/p>\n","protected":false},"author":1,"featured_media":0,"parent":0,"menu_order":0,"comment_status":"closed","ping_status":"closed","template":"page-templates\/pages.php","meta":{"_joinchat":[],"footnotes":""},"class_list":["post-2455","page","type-page","status-publish","hentry"],"_links":{"self":[{"href":"https:\/\/cala-analytics.com\/tezt\/wp-json\/wp\/v2\/pages\/2455","targetHints":{"allow":["GET"]}}],"collection":[{"href":"https:\/\/cala-analytics.com\/tezt\/wp-json\/wp\/v2\/pages"}],"about":[{"href":"https:\/\/cala-analytics.com\/tezt\/wp-json\/wp\/v2\/types\/page"}],"author":[{"embeddable":true,"href":"https:\/\/cala-analytics.com\/tezt\/wp-json\/wp\/v2\/users\/1"}],"replies":[{"embeddable":true,"href":"https:\/\/cala-analytics.com\/tezt\/wp-json\/wp\/v2\/comments?post=2455"}],"version-history":[{"count":3,"href":"https:\/\/cala-analytics.com\/tezt\/wp-json\/wp\/v2\/pages\/2455\/revisions"}],"predecessor-version":[{"id":2866,"href":"https:\/\/cala-analytics.com\/tezt\/wp-json\/wp\/v2\/pages\/2455\/revisions\/2866"}],"wp:attachment":[{"href":"https:\/\/cala-analytics.com\/tezt\/wp-json\/wp\/v2\/media?parent=2455"}],"curies":[{"name":"wp","href":"https:\/\/api.w.org\/{rel}","templated":true}]}}