{"id":2403,"date":"2024-11-11T12:33:57","date_gmt":"2024-11-11T17:33:57","guid":{"rendered":"https:\/\/cala-analytics.com\/tezt\/?page_id=2403"},"modified":"2024-11-24T21:53:15","modified_gmt":"2024-11-25T02:53:15","slug":"banco-financiero","status":"publish","type":"page","link":"https:\/\/cala-analytics.com\/tezt\/banco-financiero\/","title":{"rendered":"Banco Financiero"},"content":{"rendered":"<div class=\"wpb-content-wrapper\"><p>[vc_row][vc_column]\n\t\t\t\t<p class=\"rs-p-wp-fix\"><\/p>\n\t\t\t\t<sr7-module data-alias=\"color-back\" data-id=\"19\" id=\"SR7_19_1\" class=\"rs-ov-hidden\" data-version=\"6.7.23\">\n\t\t\t\t\t<sr7-adjuster><\/sr7-adjuster>\n\t\t\t\t\t<sr7-content>\n\t\t\t\t\t\t<sr7-slide id=\"SR7_19_1-63\" data-key=\"63\">\n\t\t\t\t\t\t<\/sr7-slide>\n\t\t\t\t\t\t<sr7-slide id=\"SR7_19_1-64\" data-key=\"64\">\n\t\t\t\t\t\t<\/sr7-slide>\n\t\t\t\t\t<\/sr7-content>\n\t\t\t\t\t<image_lists style=\"display:none\">\n\t\t\t\t\t\t<img data-src=\"\/\/cala-analytics.com\/tezt\/wp-content\/uploads\/2024\/11\/color-bann-M.png\" width=\"0\" height=\"0\" data-dbsrc=\"Ly9jYWxhLWFuYWx5dGljcy5jb20vdGV6dC93cC1jb250ZW50L3VwbG9hZHMvMjAyNC8xMS9jb2xvci1iYW5uLU0ucG5n\"\/>\n\t\t\t\t\t<\/image_lists>\n\t\t\t\t<\/sr7-module>\n\t\t\t\t<script>\n\t\t\t\t\tSR7.PMH ??={}; SR7.PMH[\"SR7_19_1\"] = {cn:100,state:false,fn: function() { if (_tpt!==undefined && _tpt.prepareModuleHeight !== undefined) {  _tpt.prepareModuleHeight({id:\"SR7_19_1\",el:[120,120,768,768,768],type:'standard',shdw:'0',gh:[120,120,95,95,95],gw:[2540,2540,1024,1024,1024],vpt:['-100px&#039;,&#039;-100px&#039;,&#039;-100px&#039;,&#039;-100px&#039;,&#039;-100px'],size:{fullWidth:true, fullHeight:false},mh:'0',onh:0,onw:0,bg:{color:'{\"orig\":\"transparent\",\"type\":\"solid\",\"string\":\"transparent\"}',image:{src:'https:\/\/cala-analytics.com\/tezt\/wp-content\/uploads\/2024\/11\/color-bann-M.png',size:'',position:'center center',repeat:''}}});   SR7.PMH[\"SR7_19_1\"].state=true;} else if(SR7.PMH[\"SR7_19_1\"].cn-->0)\tsetTimeout( SR7.PMH[\"SR7_19_1\"].fn,19);}};SR7.PMH[\"SR7_19_1\" ].fn();\n\t\t\t\t<\/script>\n[\/vc_column][\/vc_row][vc_row][vc_column]<!-- Start Case Details \r\n    ============================================= -->\r\n    <div class=\"case-details-area default-padding\">\r\n        <div class=\"container\">\r\n            <div class=\"case-details-info\">\r\n                <div class=\"row\">\r\n                    <div class=\"col-md-12\">\r\n                        <div class=\"case-single-carousel owl-carousel owl-theme\">[vc_single_image image=&#8221;2404&#8243; img_size=&#8221;medium&#8221; alignment=&#8221;center&#8221; css=&#8221;&#8221;]<\/div>\r\n                    <\/div>\r\n                <\/div><div class=\"case-basic mt-5 text-center\">\r\n                    <div class=\"row\"><div class=\"col-lg-3 col-md-6\">\r\n                            <div class=\"item\">\r\n                                <i class=\"fas fa-user\"><\/i>\r\n                                <h5>Cliente<\/h5>\r\n                                <span>BANCO FINANCIERO<\/span>\r\n                            <\/div><\/div><div class=\"col-lg-3 col-md-6\">\r\n                            <div class=\"item\">\r\n                                <i class=\"fas fa-cog\"><\/i>\r\n                                <h5>Categor\u00eda<\/h5>\r\n                                <span>Sector Financiero<\/span>\r\n                            <\/div><\/div><div class=\"col-lg-3 col-md-6\">\r\n                            <div class=\"item\">\r\n                                <i class=\"fas fa-clock\"><\/i>\r\n                                <h5>Objetivo del Proyecto<\/h5>\r\n                                <span>Lleva tu empresa hacia el futuro con el poder de la anal\u00edtica avanzada.<\/span>\r\n                            <\/div><\/div><div class=\"col-lg-3 col-md-6\">\r\n                            <div class=\"item\">\r\n                                <i class=\"fas fa-globe\"><\/i>\r\n                                <h5>Soluci\u00f3n<\/h5>\r\n                                <span>Implementaci\u00f3n de IBM SPSS Modeler para desarrollar modelos predictivos de forma r\u00e1pida e intuitiva y optimizaci\u00f3n de los tiempos en la creaci\u00f3n de modelos para incrementar la productividad en el \u00e1rea.<\/span>\r\n                            <\/div><\/div><\/div>\r\n        <\/div>\r\n    <\/div>\r\n    <!-- End Case Details --><\/div>\r\n    <\/div>\r\n    <!-- End Case Details -->[vc_column_text css=&#8221;.vc_custom_1732503186756{margin-right: 10% !important;margin-left: 10% !important;}&#8221;]<\/p>\n<blockquote>\n<h5 style=\"text-align: center;\"><em>&#8220;Trabaj\u00e9 con otras herramientas anal\u00edticas, y puedo afirmar que<strong> IBM SPSS Modeler<\/strong> cubre perfectamente todos los an\u00e1lisis que necesitamos en el \u00e1rea, siendo una soluci\u00f3n completa, econ\u00f3mica y de f\u00e1cil uso.&#8221;<\/em><\/h5>\n<h6 style=\"text-align: center;\"><strong><em>Jonathan Timoteo Dioses<\/em><\/strong><br \/>\n<em>Jefe de Modelamiento de Riesgos<\/em><\/h6>\n<\/blockquote>\n<p>[\/vc_column_text]<!-- Start Case Details \r\n    ============================================= -->\r\n    <div class=\"case-details-area default-padding\">\r\n        <div class=\"container\">\r\n            <div class=\"case-details-info\">\r\n                <div class=\"row\">\r\n                    <div class=\"col-md-12\">\r\n                        <div class=\"case-single-carousel owl-carousel owl-theme\"><\/div>\r\n                    <\/div>\r\n                <\/div>[vc_column_text css=&#8221;.vc_custom_1729529216021{margin-bottom: 25px !important;}&#8221;]<\/p>\n<h2 style=\"text-align: left;\"><strong>Informaci\u00f3n del Proyecto<\/strong><\/h2>\n<p>[\/vc_column_text][vc_column_text css=&#8221;&#8221;]La historia del <strong>BANCO FINANCIERO<\/strong> se inicia en julio de 1964 como Financiera y Promotora de la Construcci\u00f3n S.A. luego en enero de 1982 se modific\u00f3 su denominaci\u00f3n a FINANPRO Empresa Financiera, y finalmente el 21 de noviembre de 1986 se constituye como el <strong>Banco Financiero<\/strong>. Su principal accionista es el Banco Pichincha de Ecuador, quien dio inicio al dise\u00f1o del Plan Estrat\u00e9gico de Desarrollo Institucional desde 1997, con presencia en la regi\u00f3n andina en Per\u00fa; Panam\u00e1, Estados Unidos y Espa\u00f1a. Actualmente, el Banco Financiero cuenta con aproximadamente 100 oficinas a nivel nacional.<\/p>\n<p>En el a\u00f1o 2012 se implementa el \u00e1rea de Modelamiento, perteneciente a la Gerencia Central de Riesgos, con el fin de dise\u00f1ar y desarrollar modelos de Riesgo para los productos de Banca Minorista en toda la etapa del cr\u00e9dito. Para este fin, el \u00e1rea necesitaba una herramienta anal\u00edtica potente que le permitiera cumplir con los objetivos planteados.<\/p>\n<p>Teniendo esta prioridad, el banco opt\u00f3 por adquirir <strong>IBM SPSS Modeler<\/strong>, una plataforma de an\u00e1lisis predictiva potente que permite desarrollar modelos predictivos de forma r\u00e1pida e intuitiva, permitiendo mejorar los tiempos en la creaci\u00f3n de modelos, generando as\u00ed una mayor productividad en el \u00e1rea.<\/p>\n<p>Gracias al apoyo de <strong>CALA ANALYTICS<\/strong> en la venta y capacitaci\u00f3n de la soluci\u00f3n, el \u00e1rea de riesgos logr\u00f3 tener un set mayor, en toda la etapa del cr\u00e9dito del cliente, no solamente haciendo modelos de prospecci\u00f3n para Tarjetas sino tambi\u00e9n para Microfinanzas, adem\u00e1s de modelos en las etapas de Originaci\u00f3n, Seguimiento, Cobranzas y Recovering.<\/p>\n<p>Actualmente, la <strong>Gerencia Central de Riesgos y Recuperaciones<\/strong> tiene un ahorro en tiempos de hasta 3 semanas en la generaci\u00f3n de un modelo, tiempo valioso que sirve al \u00e1rea para an\u00e1lisis, investigaci\u00f3n y la creaci\u00f3n de nuevos modelos. Por otro lado, las consultas de clientes a centrales de riesgos han disminuido significativamente gracias a las herramientas implementadas, ahorrando significativamente el presupuesto del \u00e1rea.<\/p>\n<p>\u201cTrabaj\u00e9 con otras herramientas anal\u00edticas, y puedo afirmar que <strong>IBM SPSS Modeler<\/strong> cubre perfectamente todos los an\u00e1lisis que necesitamos en el \u00e1rea, siendo una soluci\u00f3n completa, econ\u00f3mica y de f\u00e1cil uso\u201d. Jonathan Timoteo Dioses, Jefe de Modelamiento de Riesgos.[\/vc_column_text]<\/div>\r\n        <\/div>\r\n    <\/div>\r\n    <!-- End Case Details --><\/div>\r\n    <\/div>\r\n    <!-- End Case Details -->[\/vc_column][\/vc_row]<\/p>\n<\/div>","protected":false},"excerpt":{"rendered":"<p>[vc_row][vc_column][\/vc_column][\/vc_row][vc_row][vc_column][vc_single_image image=&#8221;2404&#8243; img_size=&#8221;medium&#8221; alignment=&#8221;center&#8221; css=&#8221;&#8221;][vc_column_text css=&#8221;.vc_custom_1732503186756{margin-right: 10% !important;margin-left: 10% !important;}&#8221;] &#8220;Trabaj\u00e9 con otras herramientas anal\u00edticas, y puedo afirmar que IBM SPSS Modeler cubre perfectamente todos los an\u00e1lisis que necesitamos en el \u00e1rea, siendo una soluci\u00f3n completa, econ\u00f3mica y de f\u00e1cil uso.&#8221; Jonathan Timoteo Dioses Jefe de Modelamiento de Riesgos [\/vc_column_text][vc_column_text css=&#8221;.vc_custom_1729529216021{margin-bottom: 25px !important;}&#8221;] Informaci\u00f3n del [&hellip;]<\/p>\n","protected":false},"author":1,"featured_media":0,"parent":0,"menu_order":0,"comment_status":"closed","ping_status":"closed","template":"page-templates\/pages.php","meta":{"_joinchat":[],"footnotes":""},"class_list":["post-2403","page","type-page","status-publish","hentry"],"_links":{"self":[{"href":"https:\/\/cala-analytics.com\/tezt\/wp-json\/wp\/v2\/pages\/2403","targetHints":{"allow":["GET"]}}],"collection":[{"href":"https:\/\/cala-analytics.com\/tezt\/wp-json\/wp\/v2\/pages"}],"about":[{"href":"https:\/\/cala-analytics.com\/tezt\/wp-json\/wp\/v2\/types\/page"}],"author":[{"embeddable":true,"href":"https:\/\/cala-analytics.com\/tezt\/wp-json\/wp\/v2\/users\/1"}],"replies":[{"embeddable":true,"href":"https:\/\/cala-analytics.com\/tezt\/wp-json\/wp\/v2\/comments?post=2403"}],"version-history":[{"count":5,"href":"https:\/\/cala-analytics.com\/tezt\/wp-json\/wp\/v2\/pages\/2403\/revisions"}],"predecessor-version":[{"id":2845,"href":"https:\/\/cala-analytics.com\/tezt\/wp-json\/wp\/v2\/pages\/2403\/revisions\/2845"}],"wp:attachment":[{"href":"https:\/\/cala-analytics.com\/tezt\/wp-json\/wp\/v2\/media?parent=2403"}],"curies":[{"name":"wp","href":"https:\/\/api.w.org\/{rel}","templated":true}]}}